{"id":5448,"date":"2025-09-24T09:40:36","date_gmt":"2025-09-24T07:40:36","guid":{"rendered":"https:\/\/eurocontain.de\/?post_type=product&#038;p=5448"},"modified":"2026-04-17T09:20:42","modified_gmt":"2026-04-17T07:20:42","slug":"buerocontainer20-pieds-neuf-126","status":"publish","type":"product","link":"https:\/\/eurocontain.de\/fr\/conteneur\/buerocontainer20-pieds-neuf-126\/","title":{"rendered":"Conteneur de bureau'20 pieds -neuf d'usine- #126"},"content":{"rendered":"<p><strong>Conteneurs de bureau'20 pieds - neufs-<\/strong><br \/>\n<strong>Au\u00dfenlackierung in RAL-Farbe 7035 lichgrau<\/strong><br \/>\nDimensions : L : 6.058 x l : 2.438 x H : 2.830 mm<br \/>\nHauteur int\u00e9rieure de la pi\u00e8ce : RIH : 2.500 mm<br \/>\n\u00c9quipement :<br \/>\n1 x Stahlau\u00dfent\u00fcre 875 x 2.000 mm mit<br \/>\nSerrure \u00e0 cylindre profil\u00e9 avec 3 cl\u00e9s,<br \/>\n1 x support de porte pr\u00e9mont\u00e9,<br \/>\n1 x t\u00f4le d'\u00e9vacuation de la pluie,<br \/>\n1 x Doppelfenster 1.756 x 1.422 mm mit D\/K Beschlag<br \/>\nund Kunststoffrollladen mit Gurtstraffer 1,1 U-Wert \/ m\u00b2K,<br \/>\nInstallation \u00e9lectrique compos\u00e9e de :<br \/>\n1 x combinaison prise \/ interrupteur d'\u00e9clairage,<br \/>\n2 x LED &#8211; Langfeldleuchten,<br \/>\n2 x Doppelsteckdosen,<br \/>\n1 x convecteur de chauffage 2,0 KW,<br \/>\n1x bo\u00eete \u00e0 fusibles avec disjoncteur diff\u00e9rentiel,<br \/>\n2x fiches ext\u00e9rieures CEE 32A-5 p\u00f4les,<br \/>\nl'isolation :<br \/>\nBoden: PU &#8211; Paneel = 100mm U = 0,27 W\/m\u00b2K<br \/>\nDach: PU &#8211; Paneel = 100 mm U = 0,27 W\/m\u00b2K<br \/>\nWand: PU-Paneel = 100 mm U = 0,23 W\/m\u00b2K<br \/>\nBodenbelag: PVC Bodenbelag 2,0 mm, grau<br \/>\nZementgebundene Bodenplatte, 19-20 mm<br \/>\nInnendekor: Metallw\u00e4nde in hell<br \/>\nInstallation \u00e9lectrique de base encastr\u00e9e selon OVE\/VDE<br \/>\nPoches pour chariot \u00e9l\u00e9vateur - capacit\u00e9 de charge au sol 300kg\/m<br \/>\nempilable sur trois niveaux<\/p>","protected":false},"excerpt":{"rendered":"<p>B\u00fcrocontainer\u00b420 Fu\u00df &#8211; fabrikneu- Au\u00dfenlackierung in RAL-Farbe 7035 lichgrau Abmessungen: L: 6.058 x B: 2.438 x H: 2.830 mm Raum Innenh\u00f6he: RIH: 2.500 mm Ausstattung: 1 x Stahlau\u00dfent\u00fcre 875 x 2.000 mm mit Profilzylinderschlo\u00df inkl. 3 Schl\u00fcsseln, 1 x T\u00fcrhalter vormontiert, 1 x Regenablaufblech, 1 x Doppelfenster 1.756 x 1.422 mm mit D\/K Beschlag und [&hellip;]<\/p>","protected":false},"featured_media":5545,"comment_status":"open","ping_status":"closed","template":"","meta":[],"product_brand":[],"product_cat":[129,120],"product_tag":[],"class_list":{"0":"post-5448","1":"product","2":"type-product","3":"status-publish","4":"has-post-thumbnail","6":"product_cat-buerocontainer","7":"product_cat-raumcontainer","9":"first","10":"instock","11":"shipping-taxable","12":"purchasable","13":"product-type-simple"},"_links":{"self":[{"href":"https:\/\/eurocontain.de\/fr\/wp-json\/wp\/v2\/product\/5448","targetHints":{"allow":["GET"]}}],"collection":[{"href":"https:\/\/eurocontain.de\/fr\/wp-json\/wp\/v2\/product"}],"about":[{"href":"https:\/\/eurocontain.de\/fr\/wp-json\/wp\/v2\/types\/product"}],"replies":[{"embeddable":true,"href":"https:\/\/eurocontain.de\/fr\/wp-json\/wp\/v2\/comments?post=5448"}],"wp:featuredmedia":[{"embeddable":true,"href":"https:\/\/eurocontain.de\/fr\/wp-json\/wp\/v2\/media\/5545"}],"wp:attachment":[{"href":"https:\/\/eurocontain.de\/fr\/wp-json\/wp\/v2\/media?parent=5448"}],"wp:term":[{"taxonomy":"product_brand","embeddable":true,"href":"https:\/\/eurocontain.de\/fr\/wp-json\/wp\/v2\/product_brand?post=5448"},{"taxonomy":"product_cat","embeddable":true,"href":"https:\/\/eurocontain.de\/fr\/wp-json\/wp\/v2\/product_cat?post=5448"},{"taxonomy":"product_tag","embeddable":true,"href":"https:\/\/eurocontain.de\/fr\/wp-json\/wp\/v2\/product_tag?post=5448"}],"curies":[{"name":"wp","href":"https:\/\/api.w.org\/{rel}","templated":true}]}}

<p><strong>Conteneurs de bureau'20 pieds - neufs-</strong><br />
<strong>Außenlackierung in RAL-Farbe 7035 lichgrau</strong><br />
Dimensions : L : 6.058 x l : 2.438 x H : 2.830 mm<br />
Hauteur intérieure de la pièce : RIH : 2.500 mm<br />
Équipement :<br />
1 x Stahlaußentüre 875 x 2.000 mm mit<br />
Serrure à cylindre profilé avec 3 clés,<br />
1 x support de porte prémonté,<br />
1 x tôle d'évacuation de la pluie,<br />
1 x Doppelfenster 1.756 x 1.422 mm mit D/K Beschlag<br />
und Kunststoffrollladen mit Gurtstraffer 1,1 U-Wert / m²K,<br />
Installation électrique composée de :<br />
1 x combinaison prise / interrupteur d'éclairage,<br />
2 x LED &#8211; Langfeldleuchten,<br />
2 x Doppelsteckdosen,<br />
1 x convecteur de chauffage 2,0 KW,<br />
1x boîte à fusibles avec disjoncteur différentiel,<br />
2x fiches extérieures CEE 32A-5 pôles,<br />
l'isolation :<br />
Boden: PU &#8211; Paneel = 100mm U = 0,27 W/m²K<br />
Dach: PU &#8211; Paneel = 100 mm U = 0,27 W/m²K<br />
Wand: PU-Paneel = 100 mm U = 0,23 W/m²K<br />
Bodenbelag: PVC Bodenbelag 2,0 mm, grau<br />
Zementgebundene Bodenplatte, 19-20 mm<br />
Innendekor: Metallwände in hell<br />
Installation électrique de base encastrée selon OVE/VDE<br />
Poches pour chariot élévateur - capacité de charge au sol 300kg/m<br />
empilable sur trois niveaux</p>

<p>Bürocontainer´20 Fuß &#8211; fabrikneu- Außenlackierung in RAL-Farbe 7035 lichgrau Abmessungen: L: 6.058 x B: 2.438 x H: 2.830 mm Raum Innenhöhe: RIH: 2.500 mm Ausstattung: 1 x Stahlaußentüre 875 x 2.000 mm mit Profilzylinderschloß inkl. 3 Schlüsseln, 1 x Türhalter vormontiert, 1 x Regenablaufblech, 1 x Doppelfenster 1.756 x 1.422 mm mit D/K Beschlag und [&hellip;]</p>
